3*g**2 - 2*g**3 - 2*g. Calculate u(2).
4
Let f(t) = -t + 1. Let w(z) = z**2 - z. Let j(i) = 2*f(i) - w(i). Determine j(0).
2
Let o be 1 + (2 + -2 - 2). Let d(k) = -8*k**2 - 2*k + 3*k + k - 3*k. Calculate d(o).
-7
Let d(f) = f**2 - 7*f + 7. Let z be d(6). Let x(a) = -a - 1. Let b(w) = -3*w - 1. Let n(g) = b(g) - 2*x(g). What is n(z)?
0
Let d(a) = -a**2 + 3*a - 3. Let m be d(2). Let r = m + 0. Let c(w) = -w**2 + 1. Let h(s) = -s**3 + 3*s**2 - s - 3. Let g(b) = -3*c(b) - h(b). What is g(r)?
-2
Suppose -3*p - 2*c = -7 - 6, -4 = -4*p + 4*c. Let y(o) = -2*o + 3. What is y(p)?
-3
Let m(k) = k**3 + 8*k**2 + 8*k + 10. Let z(v) = -2*v + 41. Let b be z(24). Calculate m(b).
3
Let a(d) = -d**3 + 4*d**2 - d + 1. Let h = 11 - 7. Suppose -7 = -h*r + 9. Give a(r).
-3
Let g(c) = -9*c**3 - 2*c - 11*c**3 + 18*c**3 + 4*c**2 + 4. Calculate g(3).
-20
Let n(w) = -w - 15. Let l be n(-18). Let j(i) = -3*i + 3*i**l + 4*i - 2 + 1 - 3*i. Suppose -3*a - 5 = g, a - 5*g = 7 + 2. Give j(a).
-2
Let s be 2 + (0 - -2) + -1. Suppose 0 = s*r + 19 - 4. Let o(a) = -a**2 - 7*a - 2. Give o(r).
8
Let w(j) be the second derivative of j**5/20 + j**3/6 + 25*j**2/2 - 4*j. Give w(0).
25
Let k(f) = -2*f**3 - f**2 + 2*f + 1. Suppose 0 = 4*q - 0*y + 3*y - 5, 5*q - 6 = -4*y. Suppose 4*n - 10 - q = 0. Let c = n - 5. Determine k(c).
9
Let o(g) = -g - 1. Let z = -7 + 4. Let c = z - -2. What is o(c)?
0
Let q(c) be the second derivative of 0*c**2 + 0*c**3 + 2*c + 5/12*c**4 + 1/24*c**5 + 0 - 1/360*c**6. Let u(g) be the third derivative of q(g). Give u(5).
-5
Let u be (-3 - -4) + (2 - -1). Suppose 3*z = -u*o + 47, 4*z - 41 = -0*o - o. Let m(v) = -v**2 + 8*v + 7. Let d be m(z). Let l(h) = -h**2 - 3*h. Determine l(d).
2
Let b(a) = a**3 + a**2 - a. Let m(g) = -5*g**3 - 13*g**2 + 11*g + 3. Let l(y) = -6*b(y) - m(y). Give l(5).
22
Let r be 5/(-15) + 32/6. Let d(t) = -2*t + r*t - 3*t - t. Let x be (-5)/(-15) - (-4)/(-3). Give d(x).
1
Let s(m) = 2*m**3 + 15*m**2 - 6*m - 6. Let c(u) = -u**3 - 7*u**2 + 3*u + 3. Let v(x) = 9*c(x) + 4*s(x). What is v(-2)?
-7
Let i(j) = 9*j**2 - 2*j + 1. Let b(w) = -w**2 - w. Let y(g) = 3*b(g) - i(g). Suppose 3*l = -2*o - 11, -3*o + l - 3*l - 9 = 0. What is y(o)?
-12
Let p(o) = -o**3 + 3*o**2 + 4*o - 5. Let k be ((-120)/75)/(4/(-10)). Calculate p(k).
-5
Let g(f) be the third derivative of f**6/120 - f**5/12 + f**4/8 - f**3/3 + f**2. Suppose 0 = 3*z + 3*a - 4*a - 7, 0 = 3*z + 5*a - 37. Determine g(z).
-6
Let u(g) = -2*g - 2. Let n(x) = -x**3 + x**2 - x. Let d(s) = 6*s**3 - 13*s**2 + 3*s + 12. Let m(y) = d(y) + 5*n(y). Let k be m(8). Give u(k).
6
Suppose -3*t + 9 = -d, 4*t + 8*d - 3*d - 12 = 0. Let h(u) = -4*u - u**2 + t*u + 0 + 6*u + 1. Determine h(6).
-5
Let j(h) = h + 1. Let p be j(2). Suppose -m + 14 - 5 = 0. Let c(f) = p*f**2 - 8*f + m*f + f**2. Give c(-1).
3
Let r(w) = 2*w**3 - 2*w**2 + 1. Let y(h) = -h + 0*h**2 - h**2 + 1 - h + 0*h**2 + h**3. Let f be y(2). Determine r(f).
1
Let p = -4 + -2. Let l = p - -4. Let r(t) = -3*t + 1. Determine r(l).
7
Let r(h) = h**3 - h + 1. Suppose 4*p = 2 - 10. Calculate r(p).
-5
Let i(z) = 2 - 2 + 2*z**2 - 1 + 5*z. Let a = -7 - -3. Determine i(a).
11
Let o(n) be the first derivative of -n**4/4 - 5*n**3/3 - 3*n**2/2 - 2*n - 1. Suppose l = 2*l + 4. Give o(l).
-6
Let s(t) = t**2 - 8*t + 7. Suppose -4*j - 3*u = -10 - 8, -5*j = -4*u - 38. Determine s(j).
-5
Let c(l) = -l**3 + 5*l**2 - 4*l - 3. Suppose 4*y - 5*r = 29, 3*y = -2*y - 5*r + 25. Suppose -4*a - 8 = -y*a. What is c(a)?
-3
Let t(p) be the first derivative of p**4/4 - p**3 - p**2/2 + 4*p + 60. Give t(3).
1
Let b(q) = -q**3 - 11*q**2 - q - 11. Let k be b(-11). Let w(m) = m**3 + 16 - 5*m + m + 5*m. Calculate w(k).
16
Let q(n) = 4*n**3 + 19*n**2 - 13*n + 31. Let o(c) = c**3 + 5*c**2 - 3*c + 8. Let p(t) = 9*o(t) - 2*q(t). Give p(-7).
17
Let f be 3/(-3)*(0 - 1). Suppose f = 2*m + 5. Let a(p) = -p**2 - p - 1. Give a(m).
-3
Let h(f) be the second derivative of f**5/60 + 5*f**4/24 + f**3/3 + 2*f**2 + 8*f. Let a(n) be the first derivative of h(n). Give a(-4).
-2
Let r = -5 - -5. Let o(x) = -x**2 - 2. Calculate o(r).
-2
Let x(w) = 0*w**2 + w**2 + 20 - 5*w - 19. Calculate x(4).
-3
Suppose 1 - 4 = 4*n + 3*t, 5*n + t = 10. Let d = -25 - -53. Suppose 5*l - n*i = -7*i - 13, -i + d = -5*l. Let a(o) = -o**3 - 5*o**2 - 6. Give a(l).
-6
Let u = 8 - 5. Suppose n + u*b - 4*b = 4, -2*n + 4 = 2*b. Let j(q) be the first derivative of q**4/4 - 4*q**3/3 + 3*q**2/2 - 1. Give j(n).
0
Let o(f) = -3*f + f - 3*f**2 + 2*f + 2. Suppose 3*d = 4 - 10. Give o(d).
-10
Let c(t) = -2*t + 3. Let r(j) = -4*j + 6. Suppose 0*h + 2*h = 10. Let k(s) = h*c(s) - 2*r(s). Calculate k(4).
-5
Let c(y) = -13*y**3 - 13*y**2 + 5*y + 7. Let v(q) = 6*q**3 + 6*q**2 - 2*q - 3. Let n(a) = -4*c(a) - 9*v(a). Calculate n(-2).
11
Let d(f) = 2 + 0*f + f**2 - f + 0. Suppose 2 = 4*i + s + s, -5*i + 5*s - 5 = 0. Give d(i).
2
Let g(v) = v**2 + 5*v - 4. Let n be (-1)/(-2)*6 + -10. Let s(o) = o**2 + 8*o + 2. Let t be s(n). Determine g(t).
-4
Let v = -4 - -7. Let m = -2 + v. Let a(q) = q**3 - q**2 + 2*q - 1. Give a(m).
1
Let t(i) = 15 - 2 + i - 2*i. Determine t(6).
7
Let g(u) be the second derivative of u**3/6 + u**2/2 + 8*u. Calculate g(5).
6
Let r(y) = y**3 + 6*y**2 + 8*y + 6. Let j(c) = c**3 + 6*c**2 + 8*c + 6. Let u(i) = -5*j(i) + 6*r(i). What is u(-5)?
-9
Let a(p) = p. Let l(z) = -4*z + 12. Let c(k) = 5*a(k) + l(k). Suppose 3*v + 2*r = -8, 3 = 5*v - r - 1. Suppose 4*y + y + 25 = v. What is c(y)?
7
Suppose 0 = 15*c - 11*c - 8. Let o(h) = 2*h**2 - h**2 + 0*h**2. Determine o(c).
4
Let u(z) = 4*z - 1 - 2*z + 0*z + z**2 + 0*z. Give u(-3).
2
Let v(o) = -o + 3. Let m be v(0). Suppose m*l = 5*l + 10. Let x(k) = -k + 9. Let t(c) = -6*c + 44. Let y(p) = 2*t(p) - 11*x(p). Give y(l).
-6
Let z be (-18)/(-63) - (-30)/(-7). Let s(d) be the third derivative of -d**5/60 - d**4/8 + 5*d**3/6 + d**2. What is s(z)?
1
Suppose a = 2*r - 3*a, -5*a = 4*r + 39. Let w be 6/(-4)*(4 + r). Let z(m) = -m**3 + 4*m**2 - m - 3. Give z(w).
3
Suppose -2 = i + 5. Let f(k) = 2*k + 7. Give f(i).
-7
Let r(h) = -h**2 + 4. Let m(u) = 18*u + 13. Let b be m(-1). What is r(b)?
-21
Let s be (-27)/(-2) + (-3)/(-2). Suppose 6*r - s = r. Let n(v) = 19*v**2 + 2*v - 10*v**r - 19*v**2 - 1. Determine n(1).
-9
Let n(w) = -w + 1. Suppose -z + 2*z + 5 = 0, 0 = -4*s + 5*z + 5. What is n(s)?
6
Let w(m) be the first derivative of 0*m - 1/4*m**4 + 0*m**2 + 1/3*m**3 - 7. Determine w(0).
0
Let c(f) = f - 11. Let r(x) = x**2 + 3*x. Let j be r(-4). Suppose -31 = -3*q + j*b, q + 4*b = 2*q - 21. What is c(q)?
-6
Let t(o) = -7*o**2 - 2*o - 1. Let m(z) = 15*z**2 + 5*z + 3. Let u(h) = 6*m(h) + 13*t(h). Determine u(6).
-7
Let d(x) be the second derivative of x**3/6 + 5*x**2/2 + 27*x + 2. What is d(-8)?
-3
Suppose -6 = 2*t - 4*t. Suppose 3*u + 9 = 3*y, -2*y - 4*u - 3 = t*y. Let i = -1 + y. Let f(l) = -l**2 - l - 6. Calculate f(i).
-6
Let g(h) = -h**2 - 5*h - 3. Let k be (2/3)/((-2)/9). Determine g(k).
3
Let s(i) = -3*i + 2. Let p = -11 + 23. Let w be (-30)/p*8/(-10). Calculate s(w).
-4
Let k(w) = -2 + 6*w**2 + 4*w**2 - 4*w**2 - w**3 + w**2. What is k(7)?
-2
Let d(n) = -2 + 9*n - 1 - 8*n + 2 + 4*n**3. Suppose v + 1 = 2. What is d(v)?
4
Let o(j) = j - 2. Suppose 0 = 4*k - 0 + 8. Calculate o(k).
-4
Let m(j) = -j**2 + 6*j - 1. Let r be m(5). Let h(z) = -r*z**2 + 1 + 5 + 2*z**3 - 5 + 2*z. Let p be (1/3)/(2/12). Give h(p).
5
Let t(z) = -z**3 - 3*z**2 + 3*z - 5. Let s = -8 + 12. Let f = s - 1. Suppose f*l + 2 + 10 = 0. Calculate t(l).
-1
Suppose 5*n + 18 = 2*n. Let f = n + 3. Let v(j) = j + 1. What is v(f)?
-2
Let k(x) = 6 - 12 + 7 + x. Give k(-6).
-5
Let g(r) = -r**3 + 7*r**2 - 6*r + 6. Let l = 4 + -34. Let c be l/4*40/(-50). Calculate g(c).
6
Let c be 15/4 + 5/(120/(-18)). Let h(b) = b**2 + b. Give h(c).
12
Let j(x) be the first derivative of x**4/4 + 4*x**3/3 - 2*x**2 - 3*x + 4. Let v = -1 + -4. Give j(v).
-8
Suppose 8 = 5*q - 2. Suppose -3*h + 11 = y, -2*y - h = -5*h - q. Let w(f) = f**2 - 5*f - 5. Determine w(y).
-5
Let n(b) = -b**2 - b + 0*b + 2*b**2 - 4. Let t be ((-6)/2)/(-9 - -8). What is n(t)?
2
Suppose -4*w - 3*g = 2*g - 14, 8 = -4*g. Let o(u) = -6*u + 3*u**3 - w*u**3 + 5 + 2*u**3 + 6*u**2 + 2*u**3. Determine o(-7).
-2
Let x(i) = -i + 1. Let d be x(0). Let h(f) = -f**2 + 4*f + 5. Let n be h(5). Suppose -d + n = -p. L